 of 3808?
0
What is the tens digit of 718?
1
What is the units digit of 47821?
1
What is the units digit of 8086?
6
What is the thousands digit of 6067?
6
What is the tens digit of 3542?
4
What is the hundreds digit of 131894?
8
What is the hundreds digit of 4258?
2
What is the tens digit of 12304?
0
What is the tens digit of 2476?
7
What is the units digit of 1064?
4
What is the tens digit of 13975?
7
What is the hundreds digit of 32369?
3
What is the units digit of 1303?
3
What is the hundred thousands digit of 113136?
1
What is the thousands digit of 7803?
7
What is the tens digit of 831?
3
What is the units digit of 40795?
5
What is the hundreds digit of 9330?
3
What is the hundreds digit of 937?
9
What is the hundreds digit of 40611?
6
What is the ten thousands digit of 104918?
0
What is the tens digit of 5359?
5
What is the tens digit of 23940?
4
What is the thousands digit of 3428?
3
What is the hundreds digit of 1591?
5
What is the tens digit of 2721?
2
What is the hundreds digit of 4602?
6
What is the tens digit of 1066?
6
What is the units digit of 63462?
2
What is the tens digit of 18137?
3
What is the tens digit of 4934?
3
What is the thousands digit of 64262?
4
What is the tens digit of 2616?
1
What is the thousands digit of 4803?
4
What is the hundreds digit of 991?
9
What is the units digit of 886?
6
What is the units digit of 6511?
1
What is the tens digit of 3351?
5
What is the hundreds digit of 27330?
3
What is the tens digit of 2820?
2
What is the units digit of 38420?
0
What is the units digit of 4545?
5
What is the hundreds digit of 28443?
4
What is the hundreds digit of 930?
9
What is the hundreds digit of 56313?
3
What is the tens digit of 74779?
7
What is the thousands digit of 9063?
9
What is the hundreds digit of 25733?
7
What is the tens digit of 148?
4
What is the units digit of 403?
3
What is the units digit of 163523?
3
What is the tens digit of 111562?
6
What is the tens digit of 466?
6
What is the hundreds digit of 7298?
2
What is the units digit of 7127?
7
What is the thousands digit of 14060?
4
What is the tens digit of 11817?
1
What is the tens digit of 475?
7
What is the ten thousands digit of 26649?
2
What is the thousands digit of 147661?
7
What is the ten thousands digit of 13265?
1
What is the hundreds digit of 2996?
9
What is the hundreds digit of 17306?
3
What is the tens digit of 35643?
4
What is the tens digit of 1380?
8
What is the thousands digit of 1129?
1
What is the ten thousands digit of 19251?
1
What is the tens digit of 1024?
2
What is the tens digit of 790?
9
What is the units digit of 1281?
1
What is the hundreds digit of 3902?
9
What is the hundreds digit of 5772?
7
What is the units digit of 6384?
4
What is the units digit of 2499?
9
What is the hundreds digit of 1741?
7
What is the thousands digit of 132161?
2
What is the tens digit of 142?
4
What is the tens digit of 16169?
6
What is the hundreds digit of 1549?
5
What is the thousands digit of 7807?
7
What is the hundreds digit of 3269?
2
What is the units digit of 47784?
4
What is the tens digit of 1634?
3
What is the hundreds digit of 1538?
5
What is the thousands digit of 4521?
4
What is the hundred thousands digit of 154457?
1
What is the hundreds digit of 425?
4
What is the thousands digit of 84878?
4
What is the units digit of 2883?
3
What is the units digit of 16067?
7
What is the tens digit of 402?
0
What is the hundreds digit of 8449?
4
What is the thousands digit of 1145?
1
What is the hundreds digit of 823?
8
What is the ten thousands digit of 53638?
5
What is the thousands digit of 5533?
5
What is the ten thousands digit of 14392?
1
What is the hundreds digit of 22926?
9
What is the hundreds digit of 1048?
0
What is the ten thousands digit of 69960?
6
What is the tens digit of 14883?
8
What is the tens digit of 41187?
8
What is the hundreds digit of 5756?
7
What is the thousands digit of 1578?
1
What is the tens digit of 6560?
6
What is the tens digit of 1735?
3
What is the tens digit of 23113?
1
What is the units digit of 1835?
5
What is the units digit of 1087?
7
What is the tens digit of 596?
9
What is the hundreds digit of 37183?
1
What is the thousands digit of 104827?
4
What is the thousands digit of 26127?
6
What is the tens digit of 161006?
0
What is the units digit of 2386?
6
What is the hundreds digit of 611?
6
What is the hundreds digit of 6139?
1
What is the tens digit of 3678?
7
What is the hundreds digit of 266?
2
What is the hundreds digit of 14755?
7
What is the tens digit of 497?
9
What is the thousands digit of 1487?
1
What is the hundreds digit of 4531?
5
What is the units digit of 1895?
5
What is the hundreds digit of 48482?
4
What is the hundreds digit of 2793?
7
What is the thousands digit of 2146?
2
What is the tens digit of 217?
1
What is the units digit of 6815?
5
What is the tens digit of 6737?
3
What is the units digit of 9983?
3
What is the tens digit of 6210?
1
What is the thousands digit of 1163?
1
What is the units digit of 4613?
3
What is the tens digit of 7007?
0
What is the units digit of 4255?
5
What is the units digit of 52974?
4
What is the units digit of 44?
4
What is the ten thousands digit of 30291?
3
What is the hundreds digit of 15275?
2
What is the thousands digit of 3905?
3
What is the hundreds digit of 914?
9
What is the units digit of 10769?
9
What is the hundreds digit of 25323?
3
What is the thousands digit of 61664?
1
What is the hundred thousands digit of 104262?
1
What is the tens digit of 1637?
3
What is the hundreds digit of 60326?
3
What is the units digit of 5922?
2
What is the thousands digit of 1081?
1
What is the thousands digit of 1639?
1
What is the hundreds digit of 3171?
1
What is the tens digit of 4589?
8
What is the tens digit of 2841?
4
What is the tens digit of 76866?
6
What is the thousands digit of 67074?
7
What is the hundreds digit of 2954?
9
What is the units digit of 5209?
9
What is the tens digit of 4731?
3
What is the hundreds digit of 57776?
7
What is the units digit of 325?
5
What is the tens digit of 6520?
2
What is the ten thousands digit of 18244?
1
What is the thousands digit of 3232?
3
What is the units digit of 335?
5
What is the hundreds digit of 21735?
7
What is the thousands digit of 15809?
5
What is the units digit of 12249?
9
What is the hundreds digit of 775?
7
What is the hundreds digit of 110?
1
What is the units digit of 1348?
8
What is the tens digit of 37692?
9
What is the hundreds digit of 1398?
3
What is the hundreds digit of 5655?
6
What is the thousands digit of 45211?
5
What is the hundreds digit of 14411?
4
What is the ten thousands digit of 24999?
2
What is the hundreds digit of 3851?
8
What is the hundreds digit of 14736?
7
What is the tens digit of 5123?
2
What is the tens digit of 113855?
5
What is the units digit of 1659?
9
What is the units digit of 42421?
1
What is the units digit of 169974?
4
What is the units digit of 281?
1
What is the thousands digit of 35717?
5
What is the units digit of 112709?
9
What is the thousands digit of 16067?
6
What is the tens digit of 1132?
3
What is the tens digit of 115420?
2
What is the thousands digit of 2061?
2
What is the thousands digit of 13303?
3
What is the hundreds digit of 254?
2
What is the hundreds digit of 717?
7
What is the tens digit of 870?
7
What is the tens digit of 98328?
2
What is the hundreds digit of 22771?
7
What is the units digit of 334?
4
What is the tens digit of 187?
8
What is the tens digit of 12155?
5
What is the units digit of 264?
4
What is the units digit of 1813?
3
What is the hundreds digit of 66942?
9
What is the tens digit of 58390?
9
What is the thousands digit of 2976?
2
What is the units digit of 7432?
2
What is the thousands digit of 56247?
6
What is the tens digit of 31475?
7
What is the thousands digit of 28933?
8
What is the hundreds digit of 16080?
0
What is the hundreds digit of 1515?
5
What is the units digit of 76264?
4
What is the hundreds digit of 1871?
8
What is the hundreds digit of 35569?
5
What is the tens digit of 94119?
1
What is the tens digit of 32161?
6
What is the ten thousands digit of 10101?
1
What is the tens digit of 63?
6
What is the hundreds digit of 4568?
5
What is the thousands digit of 93846?
3
What is the thousan